*2 + z - 779 + 0*o**2 + 5*o. What is c(7)?
-13
Suppose 12*n = 5*n + 21. Let j(v) = -v**n - v**2 - 3069*v - 5 + 3070*v - 20. What is j(0)?
-25
Let h(k) = -80*k - 169. Let u be h(-6). Suppose -305*s + u*s = 36. Let g(m) = -m**3 + 5*m**2 + 6*m + 5. What is g(s)?
5
Let o be 23/7 + 2/(-7). Let m be (-8)/(((-40)/28)/5). Let l(x) = m*x**2 + 14 - 15 - 2*x + x**3 - 31*x**2. What is l(o)?
-7
Let x(v) = 10*v + 15. Let y(a) = -a**2 + a - 9. Let l(f) = x(f) + 2*y(f). Determine l(5).
7
Let s(v) = -v**2 - v + 3. Let g = 18 + -16. Let m(r) = -r**2 - r - 1. Let h(y) = -3*y**2 - 2*y - 2. Let u(c) = g*m(c) - h(c). Let z be u(0). What is s(z)?
3
Let p(c) be the third derivative of -5*c**4/24 - c**3/6 + 9*c**2. Let l be p(0). Let q(t) be the first derivative of t**4/4 - t + 1. What is q(l)?
-2
Let m(s) be the first derivative of -s**4/12 + 5*s**3/6 + 5*s**2 + 112*s + 71. Let b(k) be the first derivative of m(k). What is b(6)?
4
Suppose 2*m - 1674 = -4*p, 5*p - 2274 + 599 = -2*m. Let s = -374 + m. Let u(x) = 1 + s*x - 6*x**3 - 21*x**3 - 463*x. Calculate u(1).
-28
Let a be 15/(-7)*(-245)/105. Let f(o) be the second derivative of -1/20*o**a + 8*o - o**3 + 9/2*o**2 + 7/12*o**4 + 0. Give f(6).
9
Let v(y) = -49*y - 244. Let n = 16255 - 16260. Determine v(n).
1
Let c(r) = -3*r + 7. Let m be c(5). Let z(j) = -j - 4. Let u be z(m). Let h(v) = 2*v - 121 - 123 + 372 - 129. Calculate h(u).
7
Suppose 30 = -5*g + 2*d, 3*g = -5*d + 3*d - 34. Let v(z) = -5*z - 7. Let u(b) = -2*b - 2. Let s(w) = g*u(w) + 3*v(w). Calculate s(-11).
-16
Let f = 1606 + -1604. Let k(o) be the second derivative of 1/3*o**3 + 0 + o**f + 1/20*o**5 - 3*o - 1/4*o**4. Determine k(2).
2
Let w = 129166 + -129169. Let z(p) = 0*p - 2*p + p**2 - 4 + p. Give z(w).
8
Let f(c) = c + 27. Let j be 130/(1 - 6) - (5 + (-9)/(-3)). Give f(j).
-7
Let r(p) be the second derivative of 2*p**4/3 - p**3/6 - p**2/2 - 86*p - 22. Give r(-2).
33
Let h(x) = -3*x**2 - 2*x + 2. Let f(r) = 5*r**2 + 3*r - 5. Let q(j) = 2*f(j) + 5*h(j). Let s be 6550/(-2150) - 8/(-172). Determine q(s).
-33
Let j(l) be the first derivative of 1/24*l**4 - 2*l**3 + 24 + 0*l + 0*l**2 - 1/360*l**6 + 1/60*l**5. Let v(p) be the third derivative of j(p). Determine v(3).
-2
Let w(n) = 8*n**3 + 2*n**2 + 2*n + 1. Let j be w(-1). Suppose 3*f - 6*f + 45 = -3*l, 5*f = 4*l + 73. Let a(u) = -5 - f*u - 15*u - u**2 + 21*u. Give a(j).
-5
Let u(w) = w**3 - 5*w**2 + 4*w - 2. Let j = 370 + -368. Let y be u(j). Let i(t) = t**3 + 5*t**2 - 3*t + 13. What is i(y)?
-5
Suppose 22 = -4*c - n + 51, 0 = n - 1. Let f(m) = -m**3 + 6*m**2 + 6*m + 10. Give f(c).
3
Let a(g) = 3*g - 8. Let w(p) = -p**2 - 18*p - 52. Let r be w(-14). Suppose 0 = 4*u + 5*v - 16, -32*v = u - 36*v - r. Determine a(u).
4
Let h be 3 - ((-3396)/14 + 88/154). Suppose -41*m - h = 1. Let n(d) = -d + 4. Give n(m).
10
Let h = 6109 + -6104. Let m(t) = t**3 - 6*t**2 + 10*t - 15. What is m(h)?
10
Let n be ((-144)/60)/((-4)/110). Let d(q) = -71*q - 10 + 0*q**2 + n*q + 8 + q**2. Let t = -64 + 67. Give d(t).
-8
Suppose 964 = -2*i + 954, i - 19 = -3*q. Let b(o) = 12*o - 12. Give b(q).
84
Let h(m) = -11*m**3 + m - 1. Let a be (3*(-2)/45)/(26/(-195)). Calculate h(a).
-11
Let o = 103 + -98. Let a(d) = -11*d**3 - 23*d**2 + 4*d - 36. Let t(l) = -7*l**3 - 15*l**2 + 3*l - 24. Let r(m) = o*a(m) - 8*t(m). Determine r(-6).
0
Let w(y) = -632 + 632 - 11*y + 27*y. Determine w(-1).
-16
Let k(h) = h**3 + 8*h**2 + 12*h - 4. Let l be k(-6). Let y be 336/18 - 5 - l/(-6). Let v(i) = 2*i**2 + y + 5 - 7*i - 22 - i**2. Calculate v(6).
-10
Let u(p) be the third derivative of -3*p**4/8 - p**3/3 - 4*p**2 + p. Let t(c) = -7*c - 2. Let z(l) = -4*t(l) + 5*u(l). Give z(-1).
15
Let r(i) be the second derivative of i**5/20 - i**3/6 + 3*i. Let w(d) = 41*d - 166. Let o be w(4). Calculate r(o).
-6
Let v(a) be the first derivative of a**4/4 + 14*a**3/3 + 14*a**2 + 11*a + 8034. What is v(-12)?
-37
Let a(v) = -7*v**3 + 3*v**2 - 15*v - 24. Let s(g) = 11*g**3 - 5*g**2 + 23*g + 36. Let p(l) = 8*a(l) + 5*s(l). Give p(-2).
2
Let c(r) = r**2 + 9*r - 1. Suppose l - 8*o = -5*o + 6, 3*l + 2*o + 26 = 0. Let t be 49 + -65 - 1*l. Determine c(t).
9
Let t(j) = -59*j**3 - 15*j**2 - 4. Let b(w) = 167*w**3 + 43*w**2 + w + 11. Let k(l) = 6*b(l) + 17*t(l). Calculate k(5).
-22
Let q(o) = 20*o**3 - o. Suppose 6*w - w + 75 = 0. Suppose -134 = -8*t - 262. Let y = w - t. Calculate q(y).
19
Let t(s) = s + 27. Suppose 8*o = 9*o + 15. Let f be t(o). Let l(c) = -c**2 + 14*c - 23. Let d be l(f). Let a(w) = 6*w**2 + 1. What is a(d)?
7
Let z(u) = -u**3 + u - 140. Let k(b) = -3*b**3 - 6*b**2 + 10*b - 562. Let y(x) = k(x) - 4*z(x). Calculate y(5).
3
Let h(x) = -x**2 + 14. Suppose -f + 11 = 2*i - 5*i, -3*i - 8 = -4*f. Let w be f/3*0*1/4. Determine h(w).
14
Let p(o) = 13*o + 5. Suppose -9*i - 90 = 6*i. Let n(y) = 36*y + 14. Let g(w) = i*n(w) + 17*p(w). Give g(-2).
-9
Let q(l) be the first derivative of -9*l**2 - l + 2223. Determine q(-1).
17
Let i(x) = -19*x**3 - 3*x + 18*x**3 - 2 + 12*x**2 + 3*x. Suppose 3*f - z - 33 = 0, -47 = -4*z - 35. What is i(f)?
-2
Suppose 2*q + q = 6*q + 33. Let f(w) = w**3 + 10*w**2 - 9*w - 14. Calculate f(q).
-36
Let h(f) = -6*f - 978. Let b be h(-159). Let j(q) = 4*q + 73. Give j(b).
-23
Let r(a) be the first derivative of -5*a**4 - a + 4172. Let f = 24 + -25. Calculate r(f).
19
Let k(c) = c**3 + 25*c**2 + 69*c + 66. Let z be k(-22). Let i(m) = m**2 + 15 - 4 + 10*m - 9*m. Calculate i(z).
11
Let j(x) = -x**3 - 4*x**2 + 4*x - 3. Let m be j(-5). Suppose -4 = -s - 2. Let b(n) = 1 - 2 + 2*n - 2 + s. Give b(m).
3
Let r(n) = n**3 + 6*n**2 - 6*n + 7. Suppose -61*g + 5608 = 6035. What is r(g)?
0
Let c(x) be the second derivative of -x**4/4 + x**3 + 9*x**2/2 + 1181*x. Calculate c(-2).
-15
Suppose -5*s - 2*a + 80 = 3*a, 0 = 2*a + 8. Let p(n) = -n + 13. Determine p(s).
-7
Let j(f) = -f**2 - 8*f - 5. Let k = -6 + 4. Let u be 100/30*9*k. Let r be (-15)/2*(-48)/u. Give j(r).
7
Let r(t) be the first derivative of -5/2*t**2 + 5*t + 18 + 1/6*t**3. Let n(h) be the first derivative of r(h). Calculate n(7).
2
Let z(i) = -4*i**3 + 3*i**3 + 715*i + 18*i**2 - 717*i + 29 + 0*i**3 - 2*i**2. Calculate z(16).
-3
Let n(i) = -i**2 + 2 + 5 + 9*i + 2*i**2 - 2*i. Suppose 0 = -v + 5*t - 12, -8*v + 6*v + 2*t - 16 = 0. Give n(v).
7
Let d = 228 + -226. Let i(q) = -5*q + 60*q**2 + 50*q**2 - 111*q**d + 7. Let o = -9 + 4. Determine i(o).
7
Let d(c) be the second derivative of 0*c**4 + 6*c - 12 + 5/2*c**2 + 1/20*c**5 + 1/2*c**3. Give d(-2).
-9
Let t(z) be the second derivative of -z**4/12 - z**3/6 + z**2 + 7*z. Let w(o) = 2*o**2 + 8*o - 2. Let b be (69/(-18))/1 - 1/6. Let x be w(b). What is t(x)?
0
Let r(z) be the first derivative of -3*z**4/4 + 2*z**2 - 3*z - 1891. Suppose 16 = 9*y - 2. What is r(y)?
-19
Let i(s) = -2*s**3 + s**3 + 1428 + 1428 + s + 1422 - 4275 + 6*s**2. Let j = -5 - -6. Let c = j - -5. Determine i(c).
9
Let n(z) = z**2 - 10*z + 1. Let d = 52 - 87. Suppose 4*a - 142 - 30 = 0. Let p = d + a. Determine n(p).
-15
Let x(m) = 11*m**3 + 7*m**3 - 28*m**3 - 7*m**2 + m**3 + 4*m + 8*m**3 - 8. Give x(-8).
24
Let f(r) = 12*r - 6*r**2 - 52*r + 3*r**2 + 16*r + r**2 - 10. Let l be f(-11). Let n(h) = -h**3 + 12*h**2 - 1. What is n(l)?
-1
Let h(u) = -11*u - 83. Let p(c) = 8*c + 57. Let w(t) = -5*h(t) - 7*p(t). Calculate w(-9).
25
Let x(a) = -4*a**2 - a - 3. Let s(z) = -z**2 + z. Let u(v) = -5*s(v) + x(v). Suppose 0 = 7*p + 14 + 280. Let r be -21*((-114)/p + -3). Calculate u(r).
-3
Let z(k) = 18*k**2 - 24*k - 13. Let f(i) = 10*i**2 - 14*i - 6. Let s(u) = 7*f(u) - 4*z(u). Calculate s(5).
-50
Let j(p) be the first derivative of p**2 - 4*p - 1. Suppose -2*x - 41 = 3*o + 28, -x - o = 35. Let v be ((-125)/75)/(10/x). What is j(v)?
8
Let l(h) = -6*h - 39. Let k(x) = x + 6. Suppose -120 + 12 = 4*o. Let d(p) = o*k(p) - 4*l(p). Calculate d(5).
-21
Let a(n) = n + 3. Let r(t) = -2*t - 15. Let p(l) = -5*a(l) - r(l). Calculate p(-8).
24
Let c(t) be the first derivative of -t**3/3 + t**2/2 - 8*t - 4959. Calculate c(-3).
-20
Let x = -361 + 372. Suppose x = 6*h + 5. Let l(c) = 19*c**2 - c. What is l(h)?
18
Let o(n) = -3*n**2 - 5*n - 2. Let z(t) = 2*t**3 + 4*t**2 - 43*t - 89. Let v be z(-2). What is o(v)?
-14
Let w be (-3)/((-2)/(5 - 3)). Suppose 3 + 3 = 2*l. Let c(b) = 0 - 2 + l*b + 2 + w. Give c(-3).
-6
Let b(i) = 5*i 